{"id":3,"date":"2021-04-30T08:22:12","date_gmt":"2021-04-30T08:22:12","guid":{"rendered":"http:\/\/www.kogradnje.si\/?page_id=3"},"modified":"2024-11-17T17:44:37","modified_gmt":"2024-11-17T16:44:37","slug":"privacy-policy","status":"publish","type":"page","link":"https:\/\/www.kogradnje.si\/index.php\/privacy-policy\/","title":{"rendered":"Politika zasebnosti"},"content":{"rendered":"\r\n<h2 class=\"wp-block-heading\">Kdo smo<\/h2>\r\n\r\n\r\n\r\n<p>Na\u0161 naslov spletne strani je: https:\/\/www.kogradnje.si.<\/p>\r\n\r\n\r\n\r\n<h2 class=\"wp-block-heading\">Komentarji<\/h2>\r\n\r\n\r\n\r\n<p>Ko obiskovalci pustijo komentarje na strani, zberemo podatke, prikazane v obrazcu za komentarje, prav tako pa lahko tudi IP-naslov obiskovalca in niz uporabni\u0161kega agenta brskalnika za pomo\u010d pri odkrivanju ne\u017eelene po\u0161te.<\/p>\r\n<h2>Mediji<\/h2>\r\n\r\n\r\n\r\n<p>\u010ce na spletno stran nalo\u017eite slike, se izogibajte nalaganju slik z vgrajenimi podatki o lokaciji (EXIF GPS). Obiskovalci spletne strani lahko prenesejo in izvle\u010dejo podatke o lokaciji iz slik na spletni strani.<\/p>\r\n\r\n\r\n\r\n<h2 class=\"wp-block-heading\">Pi\u0161kotki<\/h2>\r\n\r\n\r\n\r\n<p>\u010ce pustite komentar na na\u0161i strani, se lahko odlo\u010dite za shranjevanje svojega imena, e-po\u0161tnega naslova in spletnega mesta v pi\u0161kotke. Ti pi\u0161kotki so namenjeni va\u0161i udobnosti, da vam podatkov ne bo treba ponovno vna\u0161ati, ko pustite nov komentar. Ti pi\u0161kotki bodo veljali eno leto.<\/p>\r\n<p>\u010ce obi\u0161\u010dete na\u0161o prijavno stran, bomo nastavili za\u010dasni pi\u0161kotek, da ugotovimo, ali va\u0161 brskalnik sprejema pi\u0161kotke. Ta pi\u0161kotek ne vsebuje osebnih podatkov in se izbri\u0161e, ko zaprete brskalnik.<\/p>\r\n<p>Ko se prijavite, bomo nastavili ve\u010d pi\u0161kotkov za shranjevanje va\u0161ih podatkov za prijavo in va\u0161ih izbir zaslona. Pi\u0161kotki za prijavo veljajo dva dni, pi\u0161kotki za nastavitve zaslona pa eno leto. \u010ce izberete mo\u017enost \u00bbZapomni si me\u00ab, bo va\u0161a prijava veljavna dva tedna. \u010ce se odjavite iz svojega ra\u010duna, bodo pi\u0161kotki za prijavo odstranjeni.<\/p>\r\n<p>\u010ce urejate ali objavite \u010dlanek, se v va\u0161em brskalniku shrani dodaten pi\u0161kotek. Ta pi\u0161kotek ne vsebuje osebnih podatkov in preprosto ozna\u010duje ID \u010dlanka, ki ste ga pravkar uredili. Pote\u010de po enem dnevu.<\/p>\r\n\r\n\r\n\r\n<h2 class=\"wp-block-heading\">Vdelana vsebina z drugih spletnih strani<\/h2>\r\n\r\n\r\n\r\n<p>\u010clanki na tej strani lahko vklju\u010dujejo vdelano vsebino (npr. videoposnetke, slike, \u010dlanke ipd.). Vdelana vsebina z drugih spletnih strani se obna\u0161a enako, kot \u010de bi obiskovalec obiskal drugo spletno stran.<\/p>\r\n<p>Te spletne strani lahko zbirajo podatke o vas, uporabljajo pi\u0161kotke, vdelajo dodatno sledenje tretjih oseb in spremljajo va\u0161o interakcijo s to vdelano vsebino, vklju\u010dno s sledenjem va\u0161i interakciji z vdelano vsebino, \u010de imate ra\u010dun in ste prijavljeni na to spletno stran.<\/p>\r\n\r\n\r\n\r\n\r\n\r\n<h2 class=\"wp-block-heading\">Kako dolgo hranimo va\u0161e podatke<\/h2>\r\n\r\n\r\n\r\n<p>\u010ce pustite komentar, se komentar in njegovi metapodatki hranijo za nedolo\u010den \u010das. Tako lahko samodejno prepoznamo in odobrimo vse nadaljnje komentarje namesto, da jih zadr\u017eimo v \u010dakalni vrsti za moderacijo.<\/p>\r\n<p>Za uporabnike, ki se registrirajo na na\u0161i spletni strani (\u010de obstajajo), shranjujemo tudi osebne podatke, ki jih zagotovijo v svojem uporabni\u0161kem profilu. Vsi uporabniki lahko kadar koli vidijo, urejajo ali izbri\u0161ejo svoje osebne podatke (razen uporabni\u0161kega imena, ki ga ne morejo spremeniti). Administratorji spletne strani lahko te informacije prav tako vidijo in urejajo.<\/p>\r\n\r\n\r\n\r\n<h2 class=\"wp-block-heading\">Kak\u0161ne pravice imate glede svojih podatkov<\/h2>\r\n\r\n\r\n\r\n<p>\u010ce imate ra\u010dun na tej strani ali ste pustili komentarje, lahko zahtevate, da prejmete izvozno datoteko osebnih podatkov, ki jih hranimo o vas, vklju\u010dno s podatki, ki ste nam jih posredovali. Prav tako lahko zahtevate, da izbri\u0161emo vse osebne podatke, ki jih hranimo o vas. To ne vklju\u010duje podatkov, ki jih moramo hraniti za administrativne, pravne ali varnostne namene.<\/p>\r\n\r\n\r\n\r\n<p>&nbsp;<\/p>\r\n","protected":false},"excerpt":{"rendered":"<p>Kdo smo Na\u0161 naslov spletne strani je: https:\/\/www.kogradnje.si. Komentarji Ko obiskovalci pustijo komentarje na strani, zberemo podatke, prikazane v obrazcu za komentarje, [&hellip;]<\/p>\n","protected":false},"author":1,"featured_media":0,"parent":0,"menu_order":0,"comment_status":"closed","ping_status":"open","template":"page-templates\/page_fullwidth.php","meta":{"_acf_changed":false,"footnotes":""},"class_list":["post-3","page","type-page","status-publish","hentry"],"acf":[],"_links":{"self":[{"href":"https:\/\/www.kogradnje.si\/index.php\/wp-json\/wp\/v2\/pages\/3","targetHints":{"allow":["GET"]}}],"collection":[{"href":"https:\/\/www.kogradnje.si\/index.php\/wp-json\/wp\/v2\/pages"}],"about":[{"href":"https:\/\/www.kogradnje.si\/index.php\/wp-json\/wp\/v2\/types\/page"}],"author":[{"embeddable":true,"href":"https:\/\/www.kogradnje.si\/index.php\/wp-json\/wp\/v2\/users\/1"}],"replies":[{"embeddable":true,"href":"https:\/\/www.kogradnje.si\/index.php\/wp-json\/wp\/v2\/comments?post=3"}],"version-history":[{"count":4,"href":"https:\/\/www.kogradnje.si\/index.php\/wp-json\/wp\/v2\/pages\/3\/revisions"}],"predecessor-version":[{"id":876,"href":"https:\/\/www.kogradnje.si\/index.php\/wp-json\/wp\/v2\/pages\/3\/revisions\/876"}],"wp:attachment":[{"href":"https:\/\/www.kogradnje.si\/index.php\/wp-json\/wp\/v2\/media?parent=3"}],"curies":[{"name":"wp","href":"https:\/\/api.w.org\/{rel}","templated":true}]}}